et d = g + -92. What are the prime factors of (-3)/(2*(-9)/d)?
2
Suppose -w = -3*w + 4. Let t = w - -3. List the prime factors of t.
5
Suppose 5 - 3 = z. Suppose 0 = z*r + 3*r - 20. Let j(b) = 2*b**2 - 5*b + 4. What are the prime factors of j(r)?
2
List the prime factors of (0 - -3) + 16/4.
7
Suppose -4*o - 3*s = -63, -3*o + o = -3*s - 9. Suppose 3*h + 24 = -0*h. What are the prime factors of (22/h)/((-3)/o)?
11
Let k(q) = q + 5. Let u be k(-6). Let x = u - -6. What are the prime factors of x?
5
Let p = -5 + 9. Suppose 9*o - p*o - 125 = 0. List the prime factors of o.
5
Let b(c) = 12*c**2 + 5*c - 6. What are the prime factors of b(2)?
2, 13
Suppose 0*n = -n + 5*z + 329, 5*z = -5*n + 1525. List the prime factors of n.
3, 103
Let q(a) = -a - 9. List the prime factors of q(-11).
2
What are the prime factors of (42/10)/((-4)/(-20))?
3, 7
Suppose -22*u + 3041 + 3317 = 0. List the prime factors of u.
17
Suppose o + 11 = 5*c - 0*o, -2*c - 14 = -5*o. Let n be (-1 - -27)*3/(-6). What are the prime factors of (-1 - 2)/(c/n)?
13
Let h be ((-2)/2)/(3/33). Let x = 16 + h. Suppose -x*t = -20 - 5. What are the prime factors of t?
5
Let s be (-2)/(-8) + (-190)/(-8). Let b = 18 - 4. Let v = s - b. List the prime factors of v.
2, 5
Let x be ((-2)/(-5))/(2/10). Let j(r) = 2*r**3 - r**2 - 2*r - 1. Let n be j(x). What are the prime factors of n - 2/(3 - 1)?
2, 3
Let n(t) = -t**2 - 5*t + 8. Let m be n(-6). Suppose 4*j - 56 = m*j. What are the prime factors of j?
2, 7
Suppose -l + 4 = -5*o - 0, 0 = -4*l - 4*o + 40. Let k = 14 - l. List the prime factors of k.
5
Suppose -5*a + 48 = 4*k, -7 = -5*k + 5*a + 8. Suppose -3*c = g - k - 12, -5*c = -3*g + 43. What are the prime factors of g?
2
Let w = 16 + -10. Let k(o) = o**3 - 6*o**2 + o + 5. What are the prime factors of k(w)?
11
Let q(i) = i**2 - 7. What are the prime factors of q(-13)?
2, 3
Suppose -o + 27 = 5*a, -2 = 4*a - o - 29. Suppose a*z - 12 = -0*z. List the prime factors of z.
2
Let t(u) = 2*u - 2*u - 1 + 6*u - 4*u. List the prime factors of t(9).
17
Suppose 5 = -2*o + 11. Let m be (-1)/(o/(-12))*-3. What are the prime factors of m/(-10)*40/6?
2
What are the prime factors of -2 + 6 - (-9)/3?
7
Let x(q) = q**3 + 5*q**2 + 4. Let o be x(-5). Let h = 5 - o. Suppose -2*i = k - 11, -3*k - 5*i = -h - 32. List the prime factors of k.
11
Let i = -17 - -6. Let t = -19 - i. Let b = t - -11. List the prime factors of b.
3
Let d(c) = 2*c**3 + c**2 - 5*c + 12. What are the prime factors of d(5)?
2, 131
Let w(y) = -y**2 - 7*y - 2. Let t = -15 + 12. List the prime factors of w(t).
2, 5
Let n(z) = 2*z**2 + z - 4. Let q be n(-7). Suppose -4*a - 34 = 3*u - q, 0 = 5*u + 5. List the prime factors of a.
2, 7
Let f = -8 + -1. Let h(i) = 2*i**2 - 6*i + 7. Let l be h(5). Let p = l + f. List the prime factors of p.
2, 3
Let v(c) = 3*c**3 + c**2 - c - 1. Let i be v(2). Suppose 0 = 5*q + 5*t - 50, 0*q + 4*t - i = -q. List the prime factors of q.
5
Let y = -48 - -23. Let m = 40 + y. Suppose 13 = 4*z - m. What are the prime factors of z?
7
Suppose 0 = -2*w + 70 + 4. What are the prime factors of w?
37
Let i(z) = 4*z - 9. Let s be i(4). Let l(r) = r**2 - 2*r - 3. List the prime factors of l(s).
2
Suppose -185 = -o + 6*o. List the prime factors of (1 + o)*3/(-6).
2, 3
Suppose 0 = -5*d - 20, m - 105 - 307 = -d. List the prime factors of m.
2, 13
Let h be -5 + 3 - 1*-2. Let y = 1 + h. Suppose 2*c - 23 = -y. List the prime factors of c.
11
Let n(r) = r**3 + 6*r**2 - 9*r + 7. What are the prime factors of n(-7)?
3, 7
Let t(v) = -v + 2. Suppose 3*p + 25 = -2*p. What are the prime factors of t(p)?
7
Let t(i) = i**3 - 7*i**2 - 9*i - 6. Let q be t(8). Let z = 20 - 53. Let h = q - z. List the prime factors of h.
19
Suppose -7*j + 78 = -55. Suppose 13 = 3*i + 3*k - k, -5*i + j = 2*k. List the prime factors of i.
3
Let o(n) = 9*n**2 - n - 1. Let t be o(-2). Let m = -21 + t. List the prime factors of m.
2
Let f be ((-10)/(-4))/(2/4). Suppose -20 = -f*t + 65. List the prime factors of t.
17
Let r = 86 - 53. What are the prime factors of r?
3, 11
What are the prime factors of (-1010)/(-12) + 14/(-84)?
2, 3, 7
Suppose -13 - 15 = 4*h. Let t = h + 11. What are the prime factors of t?
2
Suppose -96 = -3*w - 0*k - 3*k, w + 4*k - 41 = 0. What are the prime factors of w?
29
Let v = 9 + 8. Let q = 2 + -6. Let r = v + q. What are the prime factors of r?
13
Suppose 4*v - 83 = 141. List the prime factors of v.
2, 7
What are the prime factors of -4 - (-56 - (-4)/4)?
3, 17
Suppose -3*r + z = -3*z + 39, 0 = r + 4*z - 3. Let m = 13 + r. List the prime factors of m.
2
Suppose -12*a = -a - 803. List the prime factors of a.
73
Let i = -22 - -34. Let y = i - 7. Suppose y*s - 8 = 12. What are the prime factors of s?
2
Let s be 6/(-9) - 2/(-3). Suppose -2*n - q + 8 = s, 5*n = 3*n - 5*q. Suppose 3*d + z - 62 = 0, -3*z - 115 = -n*d - 7*z. List the prime factors of d.
19
Suppose 210 = 18*b - 12*b. List the prime factors of b.
5, 7
Let m(l) = 2*l - 4. Let h be m(5). List the prime factors of -7*(-4)/(56/h).
3
Suppose -2*v + 24 = -4. List the prime factors of (-21)/v - 37/(-2).
17
Let n(b) = -29*b**2 - 2*b + 1. Let r be n(1). List the prime factors of 1/((4/(-2))/r).
3, 5
Suppose 3*g + 9 = 2*c + 2*g, -2*c - g = -11. Suppose 0 = c*m + 3*u - 61, -2*u - 12 = 2*u. What are the prime factors of m?
2, 7
Suppose 3*w = 15, -w + 9 = -6*s + 5*s. List the prime factors of -16*(2 - (-10)/s).
2
Suppose 2*b = b + 46. What are the prime factors of b?
2, 23
Let p(o) = -6 + o + 2*o - 1 - o. Let b be p(5). Suppose 4*j - b*j = 14. What are the prime factors of j?
2, 7
Let r(j) = -j**3 - j**2 + 4*j + 2. Let d be r(-4). Suppose -v - v + d = 0. What are the prime factors of v?
17
Let c be (50 + -1 - -4) + -2. Let t = -24 + c. What are the prime factors of t?
3
Let b = 119 + 29. What are the prime factors of b?
2, 37
Suppose -3*j + j + 608 = 0. What are the prime factors of j?
2, 19
Suppose 24 = 5*y - i, 2*y + 0*i + 8 = -4*i. Suppose w + 4*h - 15 = 0, 21 = y*w - 2*w + 5*h. What are the prime factors of (w/(-6) - -2)*6?
3
Let s(g) = -3*g**2 - 2*g - 1. Let z be s(-2). Let d = -3 - z. Suppose 2*l = -6*w + 2*w + 2, 4*l + d = -3*w. What are the prime factors of w?
2
Let a = -29 + 37. List the prime factors of a.
2
Let k(s) be the second derivative of -s**3/6 + s**2/2 + 2*s. Let n be k(6). List the prime factors of (2 + n)/(3/(-8)).
2
What are the prime factors of 12/30 - 17/5 - -281?
2, 139
Let q(j) = -3*j**3 - 3*j**2 - 2*j + 1. Suppose 0 = -v - 5 + 3. What are the prime factors of q(v)?
17
Let z(t) = t**3 + 5*t**2 - 6*t + 7. Let c be z(-6). List the prime factors of 3 + c + 1*-2.
2
Suppose 2*z - 89 = -w, -13 = z + 3*w - 60. What are the prime factors of z?
2, 11
Let h = 27 - 18. Suppose -39 = -5*t - h. What are the prime factors of (-4)/t + 96/9?
2, 5
Suppose -3*n = 0, -16*i = -20*i + 5*n + 512. What are the prime factors of i?
2
Let y(t) = t**2 - t - 9. List the prime factors of y(-8).
3, 7
Let x = -6 + 8. What are the prime factors of (-36)/(-15)*15/x?
2, 3
Let k = -43 - -64. What are the prime factors of k?
3, 7
Let j(a) = 2*a**2 + 4*a + 3. Suppose 13 - 5 = -4*v. Let p be j(v). Suppose 13 = p*c - 2*c. What are the prime factors of c?
13
Let q = -19 + 71. List the prime factors of q.
2, 13
Suppose 5*l + 5*a - 40 = 0, -2*l + 2 = 3*a - 10. List the prime factors of l.
2, 3
Let a = -17 + 78. List the prime factors of a.
61
Suppose -3 = -5*a - 8. Let m be 7/2 - 1/2. Let t = a + m. List the prime factors of t.
2
Suppose 3*w + 5*i - 32 = 17, -4*w - 3*i + 47 = 0. What are the prime factors of (-2 - -11)/(6/w)?
2, 3
Let g = 595 + -309. What are the prime factors of g?
2, 11, 13
Let d = 5 - 1. Let h be 1*-3*(-4)/d. Suppose s + 2*j = -1 + 2, 0 = -5*s + h*j + 57. What are the prime factors of s?
3
Suppose -3*i = b - 12 - 0, -3*i + 21 = 4*b. Suppose -5*t - 5*f = -75, -i*t - 2*f + 3*f + 41 = 0. Suppose 56 = 3*v + t. What are the prime factors of v?
2, 7
Let h be 2/4 - 2/4. Let q = 4 - 8. Let x = h - q. What are the prime factors of x?
2
Suppose -2*j = 3*v + 2*v + 34, -3*v = 12. Let w = -5 - j. Suppose 3*k - 4*k = -w. List the prime factors of k.
2
Suppose 3*p = -2*m - p + 22, 4*p - 33 = -3*m. What are the prime factors of m?
11
Let l(f) = -31*f**3 + 6*f + 4. List the prime factors of l(-2).
2, 3, 5
List the prime f